e the remainder when m is divided by 13.
12
Suppose 5*a - 118 = -4*t, 3*t - 8*t = 5*a - 115. Let j(v) = -v + 14. Calculate the remainder when a is divided by j(0).
12
Let u(r) = r**3 + 4*r**2 - 4*r + 3. Let d be u(-5). Let g be d/(-1) + (-4)/(-2). Suppose 28 = j - g. Calculate the remainder when j is divided by 11.
10
Suppose -4*k - 3*c - 3 = 0, -5*k + 2*c + 2*c = -35. Suppose -48 = -k*t - 0*t. Calculate the remainder when 31 is divided by t.
15
Let m be (-6)/(-15) + (-8)/(-5). Let h(o) = -2*o + 2*o**3 - 2*o + m*o. What is the remainder when 34 is divided by h(2)?
10
Let l(v) = 2*v**2 + 42*v - 9. Calculate the remainder when 98 is divided by l(-22).
28
Let z(o) = -o - 1. Suppose -4*n + 25 = -7. What is the remainder when n is divided by z(-4)?
2
Suppose 4*h = 149 + 7. Suppose 0*c + c = h. What is the remainder when c is divided by 8 + (-5)/(10/(-4))?
9
What is the remainder when 84 is divided by (0 - 1)/((-6)/276*2)?
15
Suppose 3*z + 3*j + 12 = 0, -3*z - 5*j - 16 = -0*z. Let r be z - -4 - 1*12. Calculate the remainder when 5*((-216)/r)/3 is divided by 13.
10
Let v(g) = g**2 - 12*g - 9. Suppose 14 - 1 = b. What is the remainder when 6 is divided by v(b)?
2
Suppose 0 = m + 4*p - 23, 3*p = -m + 25 - 5. Suppose -10 = 28*s - 23*s. Let f = m - s. Calculate the remainder when 36 is divided by f.
10
Suppose 0 = 2*b - 3*b + 3. Calculate the remainder when 4/10 - 1/(-10)*46 is divided by b.
2
Let u = 190 + -136. Let z = u + -17. What is the remainder when z is divided by 19?
18
Let n(a) = -3 + 3*a - 4*a - 5*a. Suppose 90 + 126 = 24*f. Calculate the remainder when n(-6) is divided by f.
6
Suppose 2*b - b = -5*l + 34, -l + 2 = -b. Let c be (l/(-15))/(2/(-10)). Calculate the remainder when 41 is divided by ((-42)/(-6))/(1/c).
13
Suppose 120 = 2*p + 2*u, -104 = -4*p + 2*p + 2*u. What is the remainder when p is divided by 29?
27
Suppose -3*d = -2*o - 2*o - 87, 29 = d + o. What is the remainder when 115 is divided by d?
28
Suppose r = 9 + 11. Calculate the remainder when (2/3)/(16/1416) is divided by r.
19
Suppose 30 + 0 = 2*g. Calculate the remainder when g is divided by 9.
6
Let g = 28 + -12. Let x = g + 9. Calculate the remainder when x is divided by 7.
4
Let m = 141 - 129. Calculate the remainder when 40 is divided by m.
4
Suppose 4*p = a - 37 + 5, -4*p - 20 = 0. Calculate the remainder when a is divided by 7.
5
Let z(k) = -k**3 - 2*k**2 - k + 2. Let n(f) = f**3 + 6*f**2 + 3*f + 6. Calculate the remainder when n(-4) is divided by z(-3).
12
Let m(a) = -a**3 + 25. Let k = 78 - 69. Calculate the remainder when m(0) is divided by k.
7
Let k(v) = -14*v - 23. Suppose -2*h + 7*h = 1810. Suppose 0 = 5*y + 82 - h. What is the remainder when y is divided by k(-3)?
18
Suppose -2*s + 18 + 4 = 0. Calculate the remainder when s is divided by (1 - -6)*1/1.
4
Let q(v) = -v**3 + 2*v**2 + 8*v + 9. What is the remainder when 87 is divided by q(-3)?
27
Suppose 14 = 3*i - 2*y + y, 5*i - 23 = 2*y. Suppose 0 = -b + i + 8. Calculate the remainder when 244/10 - 6/15 is divided by b.
11
Suppose -3*n - 10 = -5*q + 2*n, 0 = 3*q + 2*n - 21. Suppose 3*t - 45 = -3*g, 1 = -2*t + q*g + 66. Calculate the remainder when 77 is divided by t.
17
Suppose -4*u + 4*c = -48, -5*c + 3 + 22 = 0. Suppose p = -2*p + 3. What is the remainder when (-16)/(p + 3/(-2)) is divided by u?
15
Let d(u) = -u + 10. Let a be d(6). Suppose -4*s = z - 6*z - 39, a*s - 84 = -4*z. Let f(y) = -2*y - 7. Calculate the remainder when s is divided by f(-8).
7
Let k = 1 + 2. Suppose -k*t = -4*q - 323, -2*q + 7*q - 278 = -3*t. What is the remainder when t is divided by 26?
23
Suppose 5*w = m + 147, w = 4*w + 2*m - 96. What is the remainder when w is divided by 4?
2
Suppose n = 3*b - 0*n - 68, -120 = -5*b - 5*n. Suppose -6*x + 3*x - 5*m = -112, -m = 4. Calculate the remainder when x is divided by b.
21
Suppose 0*b - 20 = -5*b. Let h be 1*(0 + 0)/(-1). Suppose h = -u + 3 - 1. Calculate the remainder when b is divided by u.
0
Let y(i) = i**3 + 6*i**2 - 4*i - 9. Suppose 5*k - 220 = -p, -7*k + 4*k - 5*p + 132 = 0. Calculate the remainder when k is divided by y(-6).
14
Let m = -79 + 91. Calculate the remainder when 119 is divided by m.
11
Let z(o) be the third derivative of -o**6/120 + 2*o**5/15 + o**4/12 - 4*o**3/3 + 2*o**2. What is the remainder when z(8) is divided by 3?
2
Suppose b - 4*b + a = -8, 2 = -4*b - 5*a. Suppose b*d = -i + 41, 2*d + 107 = 7*i - 4*i. What is the remainder when i is divided by 13?
11
Calculate the remainder when ((-170)/4)/(1/(-2)) is divided by 49/(-147) - (-88)/3.
27
Suppose s + 3*s - 16 = 0. What is the remainder when s is divided by 3?
1
Let x(u) = -u**3 + 14*u**2 + 2*u - 18. Calculate the remainder when 19 is divided by x(14).
9
Let c(s) = s**3 + 8*s**2 + s + 6. Let v be 3*(2 - 42/9). Let w be c(v). What is the remainder when 20 is divided by 4/w + 8 + 1?
6
Suppose -a - 20 = -3*a + 4*q, -5*q = -2*a + 23. What is the remainder when 13 is divided by a?
1
Suppose -2*z - 14 = -v, z - 1 = 2*v - 14. Let a be (-16)/(-4)*1/(-2). Calculate the remainder when ((-1)/(-2))/(a/(-28)) is divided by v.
3
Let j(u) = u**3 - u + 29. Suppose 2 = -5*o + b - 6, 4*o = 2*b - 10. Let k be -1*(-2 - o)*0. What is the remainder when j(k) is divided by 10?
9
Let h(i) = 2*i**2 - 3*i - 1. Let s = -2 + 7. Calculate the remainder when h(s) is divided by 12.
10
Let c(a) = a**3 - 8*a**2 - 8*a - 10. Let z be c(9). Let r(u) = -18*u - 1. What is the remainder when r(z) is divided by 9?
8
Let r = -16 - -42. What is the remainder when 76 is divided by r?
24
Let y be 49/(-3) - 2/(-6). Let w = 33 + y. Let l = -70 - -103. What is the remainder when l is divided by w?
16
Let c = -3 - -6. Calculate the remainder when 5 is divided by (0 - 2) + 12/c.
1
Let z = 92 + -32. Suppose l - z = -2*l. Suppose -5*u = -42 + 7. What is the remainder when l is divided by u?
6
Let r = -11 + 31. What is the remainder when r is divided by 6?
2
Let a = 386 - 225. What is the remainder when a is divided by 55?
51
Let s(k) = 8*k - 54. Calculate the remainder when s(14) is divided by 20.
18
Suppose a + 16 = 1. Let i be (-42)/(-10) + 3/a. Suppose 0 = i*l + 2*x - 134, 0 = l + x + 5 - 37. What is the remainder when l is divided by 12?
11
Suppose -62 = 3*j - 5*b - 10, -3*j = 4*b + 88. Let t = 50 + j. What is the remainder when 1/(2/t + 0) is divided by 7?
6
Let b(a) = -a**2 - 12*a + 9. Let l be 10*(-2)/2*1. Calculate the remainder when b(l) is divided by 10.
9
Let z(m) = 0 + 2*m**2 - 1 + m**2 - 7*m**2 - 2*m**3 + m. Let k(d) = -d. Calculate the remainder when z(-3) is divided by k(-8).
6
Calculate the remainder when 226/2 + (2 - (0 - -5)) is divided by 28.
26
Let u(g) = g**2 - 5*g + 6. Let f be u(5). Suppose 1 = w - 18. Calculate the remainder when 2/f + 214/6 is divided by w.
17
What is the remainder when ((-72)/(-10))/((-1)/(-10)) is divided by 25?
22
Let n(j) = 3*j**2 + 11. What is the remainder when n(-6) is divided by 34?
17
Suppose 0 = -3*p + 113 - 62. Let a = -77 - -142. What is the remainder when a is divided by p?
14
Suppose -20*r + 22*r - 30 = 0. Calculate the remainder when 44 is divided by r.
14
Let j = 60 + 29. Calculate the remainder when j is divided by 45.
44
Suppose 3*p - 10 = 14. Suppose -x + p = -23. Calculate the remainder when x is divided by 11.
9
Let z(m) = -2*m**2 - 29*m + 14. Calculate the remainder when 211 is divided by z(-13).
52
Suppose 0 = 3*q + 3*b - 123, 58 = 4*q - 4*b - 74. Suppose -y = -16 - 3. What is the remainder when q is divided by y?
18
Calculate the remainder when 148 is divided by (1 - (-2 - -4))*30*-1.
28
Let s(g) = g**3 - 3*g**2 - 5*g + 6. Let z be s(4). What is the remainder when 176/4 + z/(-1) is divided by 22?
20
Let u(h) = h**2 - h - 2. Calculate the remainder when u(-3) is divided by 7.
3
Let z be ((-10)/4)/(4/8). Let r(x) = -x**3 - 6*x**2 - 7*x - 5. What is the remainder when 8 is divided by r(z)?
3
Suppose 3 + 1 = 2*q. Suppose 19 + 4 = x - 2*b, -5*b = q*x - 28. What is the remainder when x is divided by 5?
4
Suppose -m = 3*l - 0*m - 4, m = 2*l - 1. Let r be (l - -1) + (-2 - -4). Calculate the remainder when (-1)/(-4) - (-63)/r is divided by 6.
4
Let y = 56 - 37. Let u be -8*(-3 + (-22)/(-8)). Let c = 5 + u. Calculate the remainder when y is divided by c.
5
Suppose -m - 2*m = -4*u - 3, -5*u = 0. What is the remaind